{"id":1197,"date":"2026-04-24T21:06:00","date_gmt":"2026-04-25T00:06:00","guid":{"rendered":"https:\/\/inspampadelinfierno-cha.infd.edu.ar\/sitio\/?page_id=1197"},"modified":"2026-04-24T21:06:02","modified_gmt":"2026-04-25T00:06:02","slug":"profesorado-superior-en-educacion-especial-con-orientacion-en-sordos-e-hipoacusicos","status":"publish","type":"page","link":"https:\/\/inspampadelinfierno-cha.infd.edu.ar\/sitio\/profesorado-superior-en-educacion-especial-con-orientacion-en-sordos-e-hipoacusicos\/","title":{"rendered":"Profesorado Superior En Educaci\u00f3n Especial Con Orientaci\u00f3n En Sordos E Hipoac\u00fasicos"},"content":{"rendered":"","protected":false},"excerpt":{"rendered":"","protected":false},"author":9,"featured_media":0,"parent":0,"menu_order":0,"comment_status":"closed","ping_status":"closed","template":"","meta":[],"acf":[],"_links":{"self":[{"href":"https:\/\/inspampadelinfierno-cha.infd.edu.ar\/sitio\/wp-json\/wp\/v2\/pages\/1197"}],"collection":[{"href":"https:\/\/inspampadelinfierno-cha.infd.edu.ar\/sitio\/wp-json\/wp\/v2\/pages"}],"about":[{"href":"https:\/\/inspampadelinfierno-cha.infd.edu.ar\/sitio\/wp-json\/wp\/v2\/types\/page"}],"author":[{"embeddable":true,"href":"https:\/\/inspampadelinfierno-cha.infd.edu.ar\/sitio\/wp-json\/wp\/v2\/users\/9"}],"replies":[{"embeddable":true,"href":"https:\/\/inspampadelinfierno-cha.infd.edu.ar\/sitio\/wp-json\/wp\/v2\/comments?post=1197"}],"version-history":[{"count":1,"href":"https:\/\/inspampadelinfierno-cha.infd.edu.ar\/sitio\/wp-json\/wp\/v2\/pages\/1197\/revisions"}],"predecessor-version":[{"id":1199,"href":"https:\/\/inspampadelinfierno-cha.infd.edu.ar\/sitio\/wp-json\/wp\/v2\/pages\/1197\/revisions\/1199"}],"wp:attachment":[{"href":"https:\/\/inspampadelinfierno-cha.infd.edu.ar\/sitio\/wp-json\/wp\/v2\/media?parent=1197"}],"curies":[{"name":"wp","href":"https:\/\/api.w.org\/{rel}","templated":true}]}}